{"id":3383,"date":"2019-07-18T06:44:47","date_gmt":"2019-07-18T04:44:47","guid":{"rendered":"http:\/\/www.hetor.it\/site\/?page_id=3383"},"modified":"2019-07-18T06:44:47","modified_gmt":"2019-07-18T04:44:47","slug":"storia","status":"publish","type":"page","link":"http:\/\/www.hetor.it\/site\/storia\/","title":{"rendered":"Storia"},"content":{"rendered":"<h1>Il parco archeologico urbano della stazione di Piazza Municipio<\/h1>\n<h2>Un po&#8217; di storia<\/h2>\n<p>Lo s<strong>cavo della stazione Municipio<\/strong> a servizio delle linee 1 e 6 della Metropolitana di Napoli costituisce uno degli interventi urbanistici pi\u00f9 rilevanti di riqualificazione del tessuto urbano e di miglioramento della trasportistica cittadina.<\/p>\n<p>Lo scavo, eseguito sull\u2019intera superficie interessata dalla stazione (ca. <strong>23.000 mq<\/strong>) ha documentato l\u2019intera stratificazione insediativa dell\u2019area da et\u00e0 preistorica sino alla demolizione della cinta muraria vicereale per isolare Castelnuovo intervenuta con l\u2019Unit\u00e0 di Italia, conseguendo risultati eccezionali sotto l\u2019aspetto storico e archeologico.<\/p>\n<p>L\u2019area della piazza in origine era parte di una grande insenatura costiera, estesa da Castel Nuovo e piazza G. Bovio, nella quale \u00e8 stato impiantato il porto di et\u00e0 greca e romana.<\/p>\n<p>Nel III secolo a. C i fondali sono investiti da una grande opera di dragaggio dei fondali (ca. 3750 mq) per rendere pi\u00f9 efficiente l\u2019approdo. A questo stesso periodo risalgono le pi\u00f9 antiche strutture di terrazzamento ed una rampa in discesa verso il mare, forse per l\u2019alaggio o l\u2019approdo di piccole barche.<\/p>\n<p>Lo scavo ha poi rivelato la successione dei fondali marini posteriori all\u2019attivit\u00e0 di dragaggio, da et\u00e0 repubblicana a piena et\u00e0 imperiale, con i resti di sette relitti di imbarcazioni e di un molo ligneo. Ad et\u00e0 augustea risalgono importanti infrastrutture marittime: un molo a protezione dell\u2019imboccatura del bacino e nella sua parte pi\u00f9 interna una imponente banchina, a monte della quale si sviluppa una strada, molto probabilmente la via per <em>cryptam<\/em> di collegamento fra <em>Neapolis<\/em> ed i Campi Flegrei. A ridosso della strada dagli inizi del I secolo d. C. e nel II secolo d. C. sorgono edifici termali.<\/p>\n<p>Agli inizi del V secolo d.C., l\u2019insenatura si insabbia, determinando lo spostamento del porto tardo antico e bizantino probabilmente in prossimit\u00e0 di piazza G. Bovio. Dopo un fenomeno di abbandono protratto per tutto l\u2019alto medioevo, l\u2019area assume una nuova vitalit\u00e0 urbana in et\u00e0 angioina, in concomitanza con la costruzione di Castel Nuovo ad opera di Carlo I. Alle pendici del castello \u00e8 emerso un quartiere residenziale, databile dalla fine del \u2018200 alla fine del \u2018300, all\u2019interno del quale rivestono pregio particolare gli edifici affrescati attribuiti alla famiglia Del Balzo. La fase basso medievale \u00e8 distrutta intorno agli inizi del XV secolo ed \u00e8 obliterata della radicale ricostruzione di Castel Nuovo e della creazione della nuova difesa esterna realizzata da Alfonso V di Aragona, di cui gli scavi hanno portato in luce gli antemurali, una torre, e la rampa di accesso alla porta della \u201ccittadella aragonese\u201d. Agli inizi del XVI, con l\u2019avvento dei vicer\u00e9 spagnoli, \u00e8 costruita una nuova grande fortificazione esterna a Castel Nuovo: sono venuti alla luce tratti delle cortine settentrionali ed occidentali, con i torrioni dell\u2019Incoronata e del Molo, e il fossato antistante.<\/p>\n<p><img loading=\"lazy\" decoding=\"async\" class=\"size-full wp-image-3386 alignleft\" src=\"http:\/\/www.hetor.it\/site\/wp-content\/uploads\/2019\/07\/Napoli_Piazza_Municipio_27.jpg\" alt=\"\" width=\"547\" height=\"349\" srcset=\"http:\/\/www.hetor.it\/site\/wp-content\/uploads\/2019\/07\/Napoli_Piazza_Municipio_27.jpg 547w, http:\/\/www.hetor.it\/site\/wp-content\/uploads\/2019\/07\/Napoli_Piazza_Municipio_27-300x191.jpg 300w\" sizes=\"(max-width: 547px) 100vw, 547px\" \/>Tali strutture, ancora eccezionalmente conservate, sono la parte che resta del sistema fortificato correlato al castello che ha segnato l\u2019immagine di questa parte della citt\u00e0 per numerosi secoli sino all\u2019Unit\u00e0 d\u2019Italia. Gli imponenti <strong>resti archeologici<\/strong> rinvenuti durante gli scavi sono stati integrati nel nuovo progetto di Piazza Municipio, connesso alla costruzione della stazione, realizzato dagli Architetti Alvaro Siza ed Edoardo Souto De Mura.<\/p>\n<p>All\u2019interno del mezzanino della stazione Municipio di linea 1 \u00e8 gi\u00e0 valorizzata la fortificazione della fase vicereale e, in particolare, lo splendido torrione dell\u2019Incoronata, mentre \u00e8 stato avviato il progetto del parco archeologico in cui, su pi\u00f9 livelli disposti a diverse profondit\u00e0 corrispondenti alle varie fasi edilizie, saranno visibili i resti delle residenze angioine, della fortificazione aragonese e le banchine portuali di et\u00e0 ellenistica e romana.<\/p>\n<p>All\u2019interno di queste complesse coordinate progettuali, il Distretto <strong>DATABENC<\/strong> propone di offrire il proprio contributo per la realizzazione del parco archeologico urbano di Piazza Municipio, fornendo la propria collaborazione alla Regione Campania, alla Amministrazione Comunale, alla societ\u00e0 Metropolitana Napoli e alla Soprintendenza Archeologia, Belle Arti e Paesaggio per il Comune di Napoli.<\/p>\n<p>Il progetto si propone di intervenire sul sistema integrato costituito dal patrimonio archeologico e monumentale valorizzato all\u2019interno della stazione, secondo le linee progettuali in corso di attuazione, e dal soprastante complesso di Castel Nuovo sul quale sono disponibili nuovi elementi conoscitivi in seguito agli scavi della Soprintendenza archeologica e ad uno studio, in corso di stampa, sviluppato da <strong>UNINA<\/strong> nell\u2019ambito del <a href=\"http:\/\/www.databenc.it\/wp\/snecs-social-network-delle-entita-dei-centri-storici\/\"><strong>progetto SNECS<\/strong><\/a>. Nell\u2019ottica di un intervento contestuale finalizzato a collegare la citt\u00e0 al mare e al suo ingresso portuale, il progetto si propone di includere anche lo specchio marino sommerso antistante Piazza Municipio dove sono previsti da parte dell\u2019autorit\u00e0 portuale interventi di dragaggio dei fondali che potranno intercettare stratificazioni d\u2019uso del porto fino ad et\u00e0 moderna.<\/p>\n","protected":false},"excerpt":{"rendered":"<div class=\"slide-text-bg2\">\n<h3>Il parco archeologico urbano della stazione di Piazza Municipio Un po&#8217; di storia Lo scavo della stazione Municipio a servizio<\/h3>\n<\/div>\n<div class=\"flex-btn-div\"><a href=\"http:\/\/www.hetor.it\/site\/storia\/\" class=\"btn1 flex-btn\">Leggi tutto<\/a><\/div>\n","protected":false},"author":9,"featured_media":0,"parent":0,"menu_order":0,"comment_status":"closed","ping_status":"closed","template":"","meta":{"_monsterinsights_skip_tracking":false,"_monsterinsights_sitenote_active":false,"_monsterinsights_sitenote_note":"","_monsterinsights_sitenote_category":0,"footnotes":""},"coauthors":[7],"yoast_head":"<!-- This site is optimized with the Yoast SEO plugin v23.0 - https:\/\/yoast.com\/wordpress\/plugins\/seo\/ -->\n<title>Storia - Hetor<\/title>\n<meta name=\"robots\" content=\"index, follow, max-snippet:-1, max-image-preview:large, max-video-preview:-1\" \/>\n<link rel=\"canonical\" href=\"http:\/\/www.hetor.it\/site\/storia\/\" \/>\n<meta property=\"og:locale\" content=\"it_IT\" \/>\n<meta property=\"og:type\" content=\"article\" \/>\n<meta property=\"og:title\" content=\"Storia - Hetor\" \/>\n<meta property=\"og:description\" content=\"Il parco archeologico urbano della stazione di Piazza Municipio Un po&#8217; di storia Lo scavo della stazione Municipio a servizioLeggi tutto\" \/>\n<meta property=\"og:url\" content=\"http:\/\/www.hetor.it\/site\/storia\/\" \/>\n<meta property=\"og:site_name\" content=\"Hetor\" \/>\n<meta property=\"article:publisher\" content=\"https:\/\/www.facebook.com\/progettohetor\/\" \/>\n<meta property=\"og:image\" content=\"http:\/\/www.hetor.it\/site\/wp-content\/uploads\/2019\/07\/Napoli_Piazza_Municipio_27.jpg\" \/>\n<meta name=\"twitter:card\" content=\"summary_large_image\" \/>\n<meta name=\"twitter:label1\" content=\"Tempo di lettura stimato\" \/>\n\t<meta name=\"twitter:data1\" content=\"4 minuti\" \/>\n\t<meta name=\"twitter:label2\" content=\"Written by\" \/>\n\t<meta name=\"twitter:data2\" content=\"Maria Anna Ambrosino\" \/>\n<script type=\"application\/ld+json\" class=\"yoast-schema-graph\">{\"@context\":\"https:\/\/schema.org\",\"@graph\":[{\"@type\":\"WebPage\",\"@id\":\"http:\/\/www.hetor.it\/site\/storia\/\",\"url\":\"http:\/\/www.hetor.it\/site\/storia\/\",\"name\":\"Storia - Hetor\",\"isPartOf\":{\"@id\":\"http:\/\/www.hetor.it\/site\/#website\"},\"primaryImageOfPage\":{\"@id\":\"http:\/\/www.hetor.it\/site\/storia\/#primaryimage\"},\"image\":{\"@id\":\"http:\/\/www.hetor.it\/site\/storia\/#primaryimage\"},\"thumbnailUrl\":\"http:\/\/www.hetor.it\/site\/wp-content\/uploads\/2019\/07\/Napoli_Piazza_Municipio_27.jpg\",\"datePublished\":\"2019-07-18T04:44:47+00:00\",\"dateModified\":\"2019-07-18T04:44:47+00:00\",\"breadcrumb\":{\"@id\":\"http:\/\/www.hetor.it\/site\/storia\/#breadcrumb\"},\"inLanguage\":\"it-IT\",\"potentialAction\":[{\"@type\":\"ReadAction\",\"target\":[\"http:\/\/www.hetor.it\/site\/storia\/\"]}]},{\"@type\":\"ImageObject\",\"inLanguage\":\"it-IT\",\"@id\":\"http:\/\/www.hetor.it\/site\/storia\/#primaryimage\",\"url\":\"http:\/\/www.hetor.it\/site\/wp-content\/uploads\/2019\/07\/Napoli_Piazza_Municipio_27.jpg\",\"contentUrl\":\"http:\/\/www.hetor.it\/site\/wp-content\/uploads\/2019\/07\/Napoli_Piazza_Municipio_27.jpg\",\"width\":547,\"height\":349},{\"@type\":\"BreadcrumbList\",\"@id\":\"http:\/\/www.hetor.it\/site\/storia\/#breadcrumb\",\"itemListElement\":[{\"@type\":\"ListItem\",\"position\":1,\"name\":\"Home\",\"item\":\"http:\/\/www.hetor.it\/site\/\"},{\"@type\":\"ListItem\",\"position\":2,\"name\":\"Storia\"}]},{\"@type\":\"WebSite\",\"@id\":\"http:\/\/www.hetor.it\/site\/#website\",\"url\":\"http:\/\/www.hetor.it\/site\/\",\"name\":\"Hetor\",\"description\":\"La Campania da riscoprire\",\"publisher\":{\"@id\":\"http:\/\/www.hetor.it\/site\/#organization\"},\"potentialAction\":[{\"@type\":\"SearchAction\",\"target\":{\"@type\":\"EntryPoint\",\"urlTemplate\":\"http:\/\/www.hetor.it\/site\/?s={search_term_string}\"},\"query-input\":\"required name=search_term_string\"}],\"inLanguage\":\"it-IT\"},{\"@type\":\"Organization\",\"@id\":\"http:\/\/www.hetor.it\/site\/#organization\",\"name\":\"Hetor\",\"url\":\"http:\/\/www.hetor.it\/site\/\",\"logo\":{\"@type\":\"ImageObject\",\"inLanguage\":\"it-IT\",\"@id\":\"http:\/\/www.hetor.it\/site\/#\/schema\/logo\/image\/\",\"url\":\"http:\/\/www.hetor.it\/site\/wp-content\/uploads\/2016\/11\/hetor-logo-small.jpg\",\"contentUrl\":\"http:\/\/www.hetor.it\/site\/wp-content\/uploads\/2016\/11\/hetor-logo-small.jpg\",\"width\":200,\"height\":200,\"caption\":\"Hetor\"},\"image\":{\"@id\":\"http:\/\/www.hetor.it\/site\/#\/schema\/logo\/image\/\"},\"sameAs\":[\"https:\/\/www.facebook.com\/progettohetor\/\",\"https:\/\/www.instagram.com\/progetto_hetor\/\"]}]}<\/script>\n<!-- \/ Yoast SEO plugin. -->","yoast_head_json":{"title":"Storia - Hetor","robots":{"index":"index","follow":"follow","max-snippet":"max-snippet:-1","max-image-preview":"max-image-preview:large","max-video-preview":"max-video-preview:-1"},"canonical":"http:\/\/www.hetor.it\/site\/storia\/","og_locale":"it_IT","og_type":"article","og_title":"Storia - Hetor","og_description":"Il parco archeologico urbano della stazione di Piazza Municipio Un po&#8217; di storia Lo scavo della stazione Municipio a servizioLeggi tutto","og_url":"http:\/\/www.hetor.it\/site\/storia\/","og_site_name":"Hetor","article_publisher":"https:\/\/www.facebook.com\/progettohetor\/","og_image":[{"url":"http:\/\/www.hetor.it\/site\/wp-content\/uploads\/2019\/07\/Napoli_Piazza_Municipio_27.jpg"}],"twitter_card":"summary_large_image","twitter_misc":{"Tempo di lettura stimato":"4 minuti","Written by":"Maria Anna Ambrosino"},"schema":{"@context":"https:\/\/schema.org","@graph":[{"@type":"WebPage","@id":"http:\/\/www.hetor.it\/site\/storia\/","url":"http:\/\/www.hetor.it\/site\/storia\/","name":"Storia - Hetor","isPartOf":{"@id":"http:\/\/www.hetor.it\/site\/#website"},"primaryImageOfPage":{"@id":"http:\/\/www.hetor.it\/site\/storia\/#primaryimage"},"image":{"@id":"http:\/\/www.hetor.it\/site\/storia\/#primaryimage"},"thumbnailUrl":"http:\/\/www.hetor.it\/site\/wp-content\/uploads\/2019\/07\/Napoli_Piazza_Municipio_27.jpg","datePublished":"2019-07-18T04:44:47+00:00","dateModified":"2019-07-18T04:44:47+00:00","breadcrumb":{"@id":"http:\/\/www.hetor.it\/site\/storia\/#breadcrumb"},"inLanguage":"it-IT","potentialAction":[{"@type":"ReadAction","target":["http:\/\/www.hetor.it\/site\/storia\/"]}]},{"@type":"ImageObject","inLanguage":"it-IT","@id":"http:\/\/www.hetor.it\/site\/storia\/#primaryimage","url":"http:\/\/www.hetor.it\/site\/wp-content\/uploads\/2019\/07\/Napoli_Piazza_Municipio_27.jpg","contentUrl":"http:\/\/www.hetor.it\/site\/wp-content\/uploads\/2019\/07\/Napoli_Piazza_Municipio_27.jpg","width":547,"height":349},{"@type":"BreadcrumbList","@id":"http:\/\/www.hetor.it\/site\/storia\/#breadcrumb","itemListElement":[{"@type":"ListItem","position":1,"name":"Home","item":"http:\/\/www.hetor.it\/site\/"},{"@type":"ListItem","position":2,"name":"Storia"}]},{"@type":"WebSite","@id":"http:\/\/www.hetor.it\/site\/#website","url":"http:\/\/www.hetor.it\/site\/","name":"Hetor","description":"La Campania da riscoprire","publisher":{"@id":"http:\/\/www.hetor.it\/site\/#organization"},"potentialAction":[{"@type":"SearchAction","target":{"@type":"EntryPoint","urlTemplate":"http:\/\/www.hetor.it\/site\/?s={search_term_string}"},"query-input":"required name=search_term_string"}],"inLanguage":"it-IT"},{"@type":"Organization","@id":"http:\/\/www.hetor.it\/site\/#organization","name":"Hetor","url":"http:\/\/www.hetor.it\/site\/","logo":{"@type":"ImageObject","inLanguage":"it-IT","@id":"http:\/\/www.hetor.it\/site\/#\/schema\/logo\/image\/","url":"http:\/\/www.hetor.it\/site\/wp-content\/uploads\/2016\/11\/hetor-logo-small.jpg","contentUrl":"http:\/\/www.hetor.it\/site\/wp-content\/uploads\/2016\/11\/hetor-logo-small.jpg","width":200,"height":200,"caption":"Hetor"},"image":{"@id":"http:\/\/www.hetor.it\/site\/#\/schema\/logo\/image\/"},"sameAs":["https:\/\/www.facebook.com\/progettohetor\/","https:\/\/www.instagram.com\/progetto_hetor\/"]}]}},"_links":{"self":[{"href":"http:\/\/www.hetor.it\/site\/wp-json\/wp\/v2\/pages\/3383"}],"collection":[{"href":"http:\/\/www.hetor.it\/site\/wp-json\/wp\/v2\/pages"}],"about":[{"href":"http:\/\/www.hetor.it\/site\/wp-json\/wp\/v2\/types\/page"}],"author":[{"embeddable":true,"href":"http:\/\/www.hetor.it\/site\/wp-json\/wp\/v2\/users\/9"}],"replies":[{"embeddable":true,"href":"http:\/\/www.hetor.it\/site\/wp-json\/wp\/v2\/comments?post=3383"}],"version-history":[{"count":9,"href":"http:\/\/www.hetor.it\/site\/wp-json\/wp\/v2\/pages\/3383\/revisions"}],"predecessor-version":[{"id":3396,"href":"http:\/\/www.hetor.it\/site\/wp-json\/wp\/v2\/pages\/3383\/revisions\/3396"}],"wp:attachment":[{"href":"http:\/\/www.hetor.it\/site\/wp-json\/wp\/v2\/media?parent=3383"}],"wp:term":[{"taxonomy":"author","embeddable":true,"href":"http:\/\/www.hetor.it\/site\/wp-json\/wp\/v2\/coauthors?post=3383"}],"curies":[{"name":"wp","href":"https:\/\/api.w.org\/{rel}","templated":true}]}}